at is the units digit of z?
4
Let t be -1 - (-10 - (0 - 0)). Let o(i) = -2*i + 15. Let d(s) = 5*s - 30. Let h(r) = 3*d(r) + 5*o(r). What is the units digit of h(t)?
0
Let r = 54 - 65. Let p = r - -26. What is the units digit of p?
5
What is the tens digit of ((-63816)/(-18))/((-48)/(-36))?
5
Let x(m) = m + 94. Let v(d) = -d**2 + d. Let a be v(1). Let k be x(a). Suppose k + 4 = 2*p. What is the units digit of p?
9
Let m(i) = -i**2 - i + 2. Let u be m(-2). What is the units digit of u + 30 + (3 - -1)?
4
Suppose c + 60 = -169. Let m = c + 367. What is the tens digit of m?
3
Suppose -y - 12 = -14. Suppose v - 6*v + 279 = y*m, -5*v - m + 282 = 0. What is the units digit of v?
7
Let w = 222 + -157. What is the units digit of w?
5
Let f be (-6)/4 - 35/10. Let o(y) = y + 13. Let i(m) = -m - 6. Let u(w) = f*i(w) - 3*o(w). What is the units digit of u(14)?
9
Let b(z) = -z**3 + 17*z**2 + 31*z + 42. What is the tens digit of b(15)?
5
Suppose -3*w + 7 = 13. Let s(b) be the second derivative of -3*b**5/20 + b**4/6 - b**3/6 - b**2/2 - 3*b. What is the units digit of s(w)?
3
Suppose 3*y - 5*o - 52 = 0, o - 40 = -4*y - y. Let g = 110 - 55. Suppose c - g = y. What is the units digit of c?
4
Let v = 1785 - 890. What is the tens digit of v?
9
Let m = 37 - 33. Suppose -b - 17 = 3*q - 67, b = m*q + 78. What is the units digit of b?
2
Let v(x) be the third derivative of x**5/60 + 95*x**3/3 + 13*x**2. What is the hundreds digit of v(0)?
1
Suppose 0 = -20*v + 22*v - 72. What is the tens digit of 22 + (-9)/(v/8)?
2
Suppose -207*m = -198*m + 288. Let r = -148 + 98. Let t = m - r. What is the units digit of t?
8
Suppose 6*c - c = 1780. Suppose -c = 5*a - 2*q, -6*a + q = -4*a + 143. Let r = -42 - a. What is the tens digit of r?
2
Let p(f) = 52*f**2 + 5*f - 15. What is the hundreds digit of p(3)?
4
Let b(f) = 10*f - 1 + 14 - 1 - f**2. Suppose -s - s = -18. What is the units digit of b(s)?
1
What is the tens digit of (206/(-8))/((-23)/184)?
0
Suppose 6 = 5*i - 2*i. Suppose -i*w - 2*w = 0. Suppose w*d - 71 = -2*d - 5*p, 0 = -d - p + 28. What is the tens digit of d?
2
Let w(f) = f**3 - 5*f**2 - 8*f + 1. Let l(z) = 2*z - 2. Let u be l(4). Let h be w(u). Let j = 18 + h. What is the units digit of j?
7
Suppose -w + 7 = 18. Let m = 14 + w. Suppose m*k + 10 = 5*k. What is the units digit of k?
5
Let y(r) = r**2 - r + 1. Let w be y(2). What is the units digit of 327*w/9 - -1?
0
Let f = -746 - -1416. What is the tens digit of f?
7
Let p(r) = r + 63. What is the units digit of p(7)?
0
Let k be (-2 - -5) + 4 + -4. What is the tens digit of 36 - (6/k + 1)?
3
Suppose 62 + 1988 = 5*z. Suppose -5*j + 450 + z = 0. What is the hundreds digit of j?
1
Suppose 0 = -p + 5*z + 34 + 353, 5*p = -4*z + 1877. What is the hundreds digit of p?
3
What is the units digit of (9 + -7 - 6)/(4/(-222))?
2
Let x = 2 + -2. Let r = -86 + 90. Suppose 20 = r*n - x*n. What is the units digit of n?
5
Let o = 4 - -44. Let f = 56 - o. What is the units digit of f?
8
Suppose 5*n - 8 - 2 = u, 5*u - 5*n = 30. Let g(x) = 19*x - 17. What is the hundreds digit of g(u)?
1
Let w(a) = 28*a + 299. What is the tens digit of w(0)?
9
Let g be (3/(-2))/(6/(-8)). What is the tens digit of (-10)/(-25)*39/g*5?
3
Suppose 0 = -34*c - 12708 + 36304. What is the hundreds digit of c?
6
Suppose -7 = 5*x - 17. Suppose 2*t - 2*z - 17 = -t, 2*t + x*z - 28 = 0. What is the units digit of t?
9
Let k(f) = f**2 + 11*f - 3. Let c(q) = q**2 + 10*q - 3. Let t(o) = 5*c(o) - 4*k(o). What is the tens digit of t(-11)?
5
Let t(f) = -24*f + 81. Let m be t(-16). Let c = -153 + m. What is the units digit of c?
2
Suppose -4*d + 111 = 1207. Let z = -82 - d. What is the units digit of z?
2
Let f = -42 + 44. Suppose f*i = -54 + 194. What is the tens digit of i?
7
Let f(m) = m + 78. What is the tens digit of f(-21)?
5
Let o = 3818 + -1732. What is the units digit of o?
6
Let a = -3023 + 7030. What is the tens digit of a?
0
Let p(i) = -60*i + 65. What is the hundreds digit of p(-11)?
7
Let l be (-4)/6*3 - 77. Suppose 32*j = 33*j + 126. Let w = l - j. What is the units digit of w?
7
Let v(w) = w**3 - 9*w**2 + 5. Let h be v(9). Suppose -3*t + h + 31 = 0. Suppose -4*x + t = 4*b - 48, 0 = -b - 4. What is the units digit of x?
9
Let r(f) = 10*f**2 - 11*f + 21. What is the units digit of r(15)?
6
Suppose 0*m - f + 10055 = 5*m, -5*m - 4*f + 10070 = 0. What is the units digit of m?
0
Suppose -4*n = -15*n - 33. What is the tens digit of (459/6 - 1) + n/(-6)?
7
What is the hundreds digit of 2*(-7632)/(-22) - (-32)/176?
6
Let q(g) = 23 - 31*g + 50*g + 0*g**2 + g**2. What is the units digit of q(-20)?
3
Suppose 3*n - 21 + 12 = 0, 4*f + 4*n = 5148. What is the tens digit of f?
8
Let w be (1 - (-3 + 8)) + 49. Let u = -9 + w. What is the tens digit of u?
3
Let d(x) = 142*x - 31. What is the units digit of d(2)?
3
What is the hundreds digit of 0/7 + -3 - -255?
2
Suppose -750 - 114 = 9*q. Let v = q + 306. What is the hundreds digit of v?
2
Let m(n) = -n**3 - 22*n**2 - 3*n - 30. Let c be m(-22). Suppose -135 = -3*a - c. What is the units digit of a?
3
Let u(p) = p**2 + 1. Let y be u(1). Suppose j = y*j. Suppose j*s + s - 1 = 0. What is the units digit of s?
1
Let g be 13/26 + (-7)/(-2). Suppose 55 = g*q - 3*r, 5*r + 0*r = 4*q - 57. What is the units digit of q?
3
Let i = 133 - 76. Let w = i - 33. Suppose 7*h = w + 242. What is the tens digit of h?
3
Let s(i) = -6*i - 4. Let g = -43 + 34. What is the tens digit of s(g)?
5
Let k be (2 - 1)*(-1 + 2 + -5). What is the units digit of (-80)/(16/k) - -2?
2
Suppose -3*r = -5*f - 16, -2*r + 5*f = -r - 12. Let p(i) be the third derivative of i**4/24 - i**3/6 + i**2. What is the units digit of p(r)?
1
Suppose -6*g = 6 + 18. What is the tens digit of (1386/(-28))/(3/g)?
6
Let r be ((-26)/(-3))/((-4)/(-6)). Let p = r + -9. Suppose n + p*n = 75. What is the tens digit of n?
1
Let m = 752 + -273. Suppose -7*c + 137 = -m. What is the units digit of c?
8
Let b = -684 - -282. Let c = 619 + b. What is the tens digit of c?
1
Suppose -1 - 2 = t. Let x be (2 - (-2 - t)) + 2. What is the tens digit of 29*(4 - x)/1?
2
Suppose 0 = -4*l + l - 45. Let c = 62 - l. What is the units digit of c?
7
Suppose -4*o - 11 = -3*u - 33, 0 = 3*u + 6. Let d = 0 + o. What is the tens digit of 66/d - (-3)/(-6)?
1
Let c(k) = k**2 - 4*k. Let j(r) = r**2 + 6*r - 3. Let s be j(-6). Let l be c(s). Suppose 0 = 16*b - l*b + 190. What is the units digit of b?
8
Let y(i) = 422*i**2 + 3*i - 6. What is the units digit of y(2)?
8
Suppose -2*f - 4*z - 8 = 0, -2*f + 2 = z - 2. Suppose -f*x + 11 = i, 4*x - 5*i = -2*i + 31. Suppose -x*p = -44 - 60. What is the tens digit of p?
2
Suppose 5*s + 1992 = 13727. What is the hundreds digit of s?
3
Suppose 0 = 23*z - 751 - 16867. What is the units digit of z?
6
What is the thousands digit of (7 + -5)/(-1) - (-2290 - 0)?
2
Suppose 4*o = 26 - 2. Let u(l) = -2*l - 7. Let v be u(o). Let f = 2 - v. What is the tens digit of f?
2
Let f be (30/(-40))/(2/(-8)). Suppose f*l = -2*j + 11, -5*l + 27 = -j - 0*j. Suppose 2*s - l*c = 67, -s - c + 51 = 7. What is the units digit of s?
1
Suppose -2407*b = -2404*b - 1857. What is the hundreds digit of b?
6
What is the thousands digit of ((-5182)/12 + 85/34)*-3?
1
Let a(s) = s**2 + 2*s + 82. Suppose 5*j = j. What is the tens digit of a(j)?
8
Suppose -3*q - 5 + 133 = -4*l, -139 = -4*q - l. Let j = q - 28. What is the units digit of j?
8
Let w = 5610 - 3202. What is the hundreds digit of w?
4
Let h be (4/(-1))/(18/(-27)). What is the hundreds digit of 3304/42*h/4?
1
Suppose 0 = p - 2*g - 235, g = -13 + 10. What is the tens digit of p?
2
Suppose 10*j - 99 - 11 = 0. Suppose -j*k + 28*k - 51 = 0. What is the units digit of k?
3
Let a be -3*1/(-1) - 36. Let l = a - -24. Let q = l + 14. What is the units digit of q?
5
Let b(x) = 5*x - x + 4*x + 18 - 4*x. Let q be b(-13). Let y = q + 65. What is the tens digit of y?
3
Let f = -52 + 51. What is the tens digit of (-2)/(f + 5) - (-396)/8?
4
Suppose -74*o + 73*o = -11. Suppose 9*p = o*p - 12. What is the units digit of p?
6
Let c(n) be the third derivative of 0*n + 1/6*n**4 - 1/6*n**3 + 0 + n**2. What is the units digit of c(7)?
7
Let t(n) be the first derivative of -5*n**3 - 3*n**2/2 - 9*n + 7. Let k(y) = 8*y**2 + y + 4. Let q(c) = 5*k(c) + 2*t(c). What is the units digi